{"id":2889,"date":"2025-03-24T11:24:51","date_gmt":"2025-03-24T11:24:51","guid":{"rendered":"https:\/\/qiq.mjf.mybluehost.me\/?page_id=2889"},"modified":"2025-09-06T10:01:04","modified_gmt":"2025-09-06T10:01:04","slug":"impressum","status":"publish","type":"page","link":"https:\/\/digitalculturesandarts.ch\/de\/impressum\/","title":{"rendered":"impressum"},"content":{"rendered":"<div class=\"is-style-default wp-block-group is-layout-flow wp-container-core-group-is-layout-5ae94fc6 wp-block-group-is-layout-flow\" style=\"margin-top:0;margin-bottom:0;padding-top:0;padding-right:0;padding-bottom:var(--wp--preset--spacing--20);padding-left:0\">\n<div class=\"wp-block-columns is-layout-flex wp-container-core-columns-is-layout-dcf07d92 wp-block-columns-is-layout-flex\" style=\"margin-bottom:var(--wp--preset--spacing--60);padding-bottom:var(--wp--preset--spacing--30)\">\n<div class=\"wp-block-column is-layout-flow wp-block-column-is-layout-flow\">\n<hr class=\"is-style-wide wp-block-separator has-text-color has-contrast-color has-alpha-channel-opacity has-contrast-background-color has-background\"\/>\n\n\n\n<h3 class=\"is-style-default wp-block-heading has-contrast-color has-text-color has-link-color has-geist-mono-font-family has-medium-font-size has-custom-font wp-elements-69c1c6f034038980972d2fda6838c5e9\" style=\"padding-top:0;padding-bottom:0;text-transform:uppercase;font-family:geist-mono\">KONTAKT<\/h3>\n\n\n\n<div class=\"wp-block-group is-layout-flow wp-container-core-group-is-layout-3cab8f7e wp-block-group-is-layout-flow\">\n<p class=\"\">Prof. Dr. Roland Meyer<\/p>\n\n\n\n<p class=\"\">DIZH-Br\u00fcckenprofessur Digitale Kulturen und K\u00fcnste<br>ZKK \u2013 Zentrum K\u00fcnste und Kulturtheorie<br>Universit\u00e4t Z\u00fcrich und Z\u00fcrcher Hochschule\u00a0der K\u00fcnste ZHdK<br>Affolternstr. 56 | 8050 Z\u00fcrich | Switzerland<br><\/p>\n<\/div>\n<\/div>\n\n\n\n<div class=\"wp-block-column is-layout-flow wp-block-column-is-layout-flow\">\n<hr class=\"is-style-wide wp-block-separator has-text-color has-contrast-color has-alpha-channel-opacity has-contrast-background-color has-background\"\/>\n\n\n\n<h3 class=\"is-style-default wp-block-heading has-contrast-color has-text-color has-link-color has-geist-mono-font-family has-medium-font-size has-custom-font wp-elements-8605c6792ccbea57b4d8b46c3577bafa\" style=\"padding-top:0;padding-bottom:0;text-transform:uppercase;font-family:geist-mono\">Impressum<\/h3>\n\n\n\n<div class=\"wp-block-coblocks-accordion\">\n<div class=\"wp-block-coblocks-accordion-item\"><details><summary class=\"wp-block-coblocks-accordion-item__title\"> Haftungsauschluss<\/summary><div class=\"wp-block-coblocks-accordion-item__content\">\n<p class=\"\">Der Autor \u00fcbernimmt keine Gew\u00e4hr f\u00fcr die Richtigkeit, Genauigkeit, Aktualit\u00e4t, Zuverl\u00e4ssigkeit und Vollst\u00e4ndigkeit der Informationen. Haftungsanspr\u00fcche gegen den Autor wegen Sch\u00e4den materieller oder immaterieller Art, die aus dem Zugriff oder der Nutzung bzw. Nichtnutzung der ver\u00f6ffentlichten Informationen, durch Missbrauch der Verbindung oder durch technische St\u00f6rungen entstanden sind, werden ausgeschlossen. Alle Angebote sind freibleibend. Der Autor beh\u00e4lt es sich ausdr\u00fccklich vor, Teile der Seiten oder das gesamte Angebot ohne gesonderte Ank\u00fcndigung zu ver\u00e4ndern, zu erg\u00e4nzen, zu l\u00f6schen oder die Ver\u00f6ffentlichung zeitweise oder endg\u00fcltig einzustellen.<\/p>\n<\/div><\/details><\/div>\n\n\n\n<div class=\"wp-block-coblocks-accordion-item\"><details><summary class=\"wp-block-coblocks-accordion-item__title\">Haftungsausschluss f\u00fcr Inhalte und Links<\/summary><div class=\"wp-block-coblocks-accordion-item__content\">\n<p class=\"\">Verweise und Links auf Webseiten Dritter liegen ausserhalb unseres Verantwortungsbereichs. Es wird jegliche Verantwortung f\u00fcr solche Webseiten abgelehnt. Der Zugriff und die Nutzung solcher Webseiten erfolgen auf eigene Gefahr des jeweiligen Nutzers.<\/p>\n<\/div><\/details><\/div>\n\n\n\n<div class=\"wp-block-coblocks-accordion-item\"><details><summary class=\"wp-block-coblocks-accordion-item__title\">Urheberrechtserkl\u00e4rung<\/summary><div class=\"wp-block-coblocks-accordion-item__content\">\n<p class=\"\">Die Urheber- und alle anderen Rechte an Inhalten, Bildern, Fotos oder anderen Dateien auf dieser Website, geh\u00f6ren ausschliesslich Digitale Kulturen und K\u00fcnste oder den speziell genannten Rechteinhabern. F\u00fcr die Reproduktion jeglicher Elemente ist die schriftliche Zustimmung des Urheberrechtstr\u00e4gers im Voraus einzuholen.<\/p>\n<\/div><\/details><\/div>\n<\/div>\n\n\n\n<p class=\"\"><\/p>\n<\/div>\n\n\n\n<div class=\"wp-block-column is-layout-flow wp-block-column-is-layout-flow\"><\/div>\n<\/div>\n<\/div>","protected":false},"excerpt":{"rendered":"<p>CONTACT Prof. Dr. Roland Meyer DIZH-Br\u00fcckenprofessur Digitale Kulturen und K\u00fcnsteZKK \u2013 Zentrum K\u00fcnste und KulturtheorieUniversit\u00e4t Z\u00fcrich und Z\u00fcrcher Hochschule\u00a0der K\u00fcnste ZHdKAffolternstr. 56 | 8050 Z\u00fcrich | Switzerland Impressum<\/p>","protected":false},"author":1,"featured_media":0,"parent":0,"menu_order":0,"comment_status":"closed","ping_status":"closed","template":"","meta":{"nf_dc_page":"","_coblocks_attr":"","_coblocks_dimensions":"","_coblocks_responsive_height":"","_coblocks_accordion_ie_support":"","_FSMCFIC_featured_image_caption":"","_FSMCFIC_featured_image_nocaption":"","_FSMCFIC_featured_image_hide":"","footnotes":""},"class_list":["post-2889","page","type-page","status-publish","hentry"],"mb":[],"yoast_head":"<!-- This site is optimized with the Yoast SEO plugin v27.4 - https:\/\/yoast.com\/product\/yoast-seo-wordpress\/ -->\n<title>impressum - digital cultures and arts<\/title>\n<meta name=\"robots\" content=\"index, follow, max-snippet:-1, max-image-preview:large, max-video-preview:-1\" \/>\n<link rel=\"canonical\" href=\"https:\/\/digitalculturesandarts.ch\/de\/impressum\/\" \/>\n<meta property=\"og:locale\" content=\"de_DE\" \/>\n<meta property=\"og:type\" content=\"article\" \/>\n<meta property=\"og:title\" content=\"Impressum\" \/>\n<meta property=\"og:description\" content=\"DIZH Bridge Professorship between University of Zurich and Zurich University of the Arts\" \/>\n<meta property=\"og:url\" content=\"https:\/\/digitalculturesandarts.ch\/de\/impressum\/\" \/>\n<meta property=\"og:site_name\" content=\"digital cultures and arts\" \/>\n<meta property=\"article:modified_time\" content=\"2025-09-06T10:01:04+00:00\" \/>\n<meta property=\"og:image\" content=\"https:\/\/digitalculturesandarts.ch\/wp-content\/uploads\/2025\/04\/impressum-blob.png\" \/>\n\t<meta property=\"og:image:width\" content=\"1200\" \/>\n\t<meta property=\"og:image:height\" content=\"675\" \/>\n\t<meta property=\"og:image:type\" content=\"image\/png\" \/>\n<meta name=\"twitter:card\" content=\"summary_large_image\" \/>\n<script type=\"application\/ld+json\" class=\"yoast-schema-graph\">{\"@context\":\"https:\\\/\\\/schema.org\",\"@graph\":[{\"@type\":\"WebPage\",\"@id\":\"https:\\\/\\\/digitalculturesandarts.ch\\\/impressum\\\/\",\"url\":\"https:\\\/\\\/digitalculturesandarts.ch\\\/impressum\\\/\",\"name\":\"impressum - digital cultures and arts\",\"isPartOf\":{\"@id\":\"https:\\\/\\\/digitalculturesandarts.ch\\\/#website\"},\"datePublished\":\"2025-03-24T11:24:51+00:00\",\"dateModified\":\"2025-09-06T10:01:04+00:00\",\"breadcrumb\":{\"@id\":\"https:\\\/\\\/digitalculturesandarts.ch\\\/impressum\\\/#breadcrumb\"},\"inLanguage\":\"de-CH\",\"potentialAction\":[{\"@type\":\"ReadAction\",\"target\":[\"https:\\\/\\\/digitalculturesandarts.ch\\\/impressum\\\/\"]}]},{\"@type\":\"BreadcrumbList\",\"@id\":\"https:\\\/\\\/digitalculturesandarts.ch\\\/impressum\\\/#breadcrumb\",\"itemListElement\":[{\"@type\":\"ListItem\",\"position\":1,\"name\":\"Home\",\"item\":\"https:\\\/\\\/digitalculturesandarts.ch\\\/\"},{\"@type\":\"ListItem\",\"position\":2,\"name\":\"impressum\"}]},{\"@type\":\"WebSite\",\"@id\":\"https:\\\/\\\/digitalculturesandarts.ch\\\/#website\",\"url\":\"https:\\\/\\\/digitalculturesandarts.ch\\\/\",\"name\":\"digital cultures and arts\",\"description\":\"Bridge Professorship between the University of Zurich and Zurich University of the Arts\",\"publisher\":{\"@id\":\"https:\\\/\\\/digitalculturesandarts.ch\\\/#organization\"},\"alternateName\":\"digitale kulturen und k\u00fcnste\",\"potentialAction\":[{\"@type\":\"SearchAction\",\"target\":{\"@type\":\"EntryPoint\",\"urlTemplate\":\"https:\\\/\\\/digitalculturesandarts.ch\\\/?s={search_term_string}\"},\"query-input\":{\"@type\":\"PropertyValueSpecification\",\"valueRequired\":true,\"valueName\":\"search_term_string\"}}],\"inLanguage\":\"de-CH\"},{\"@type\":\"Organization\",\"@id\":\"https:\\\/\\\/digitalculturesandarts.ch\\\/#organization\",\"name\":\"digital cultures and arts\",\"alternateName\":\"digitale kulturen und k\u00fcnste\",\"url\":\"https:\\\/\\\/digitalculturesandarts.ch\\\/\",\"logo\":{\"@type\":\"ImageObject\",\"inLanguage\":\"de-CH\",\"@id\":\"https:\\\/\\\/digitalculturesandarts.ch\\\/#\\\/schema\\\/logo\\\/image\\\/\",\"url\":\"https:\\\/\\\/digitalculturesandarts.ch\\\/wp-content\\\/uploads\\\/2025\\\/04\\\/cropped-col.png\",\"contentUrl\":\"https:\\\/\\\/digitalculturesandarts.ch\\\/wp-content\\\/uploads\\\/2025\\\/04\\\/cropped-col.png\",\"width\":512,\"height\":512,\"caption\":\"digital cultures and arts\"},\"image\":{\"@id\":\"https:\\\/\\\/digitalculturesandarts.ch\\\/#\\\/schema\\\/logo\\\/image\\\/\"},\"sameAs\":[\"https:\\\/\\\/www.instagram.com\\\/digitalculturesandarts\\\/\"]}]}<\/script>\n<!-- \/ Yoast SEO plugin. -->","yoast_head_json":{"title":"impressum - digital cultures and arts","robots":{"index":"index","follow":"follow","max-snippet":"max-snippet:-1","max-image-preview":"max-image-preview:large","max-video-preview":"max-video-preview:-1"},"canonical":"https:\/\/digitalculturesandarts.ch\/de\/impressum\/","og_locale":"de_DE","og_type":"article","og_title":"Impressum","og_description":"DIZH Bridge Professorship between University of Zurich and Zurich University of the Arts","og_url":"https:\/\/digitalculturesandarts.ch\/de\/impressum\/","og_site_name":"digital cultures and arts","article_modified_time":"2025-09-06T10:01:04+00:00","og_image":[{"width":1200,"height":675,"url":"https:\/\/digitalculturesandarts.ch\/wp-content\/uploads\/2025\/04\/impressum-blob.png","type":"image\/png"}],"twitter_card":"summary_large_image","schema":{"@context":"https:\/\/schema.org","@graph":[{"@type":"WebPage","@id":"https:\/\/digitalculturesandarts.ch\/impressum\/","url":"https:\/\/digitalculturesandarts.ch\/impressum\/","name":"impressum - digital cultures and arts","isPartOf":{"@id":"https:\/\/digitalculturesandarts.ch\/#website"},"datePublished":"2025-03-24T11:24:51+00:00","dateModified":"2025-09-06T10:01:04+00:00","breadcrumb":{"@id":"https:\/\/digitalculturesandarts.ch\/impressum\/#breadcrumb"},"inLanguage":"de-CH","potentialAction":[{"@type":"ReadAction","target":["https:\/\/digitalculturesandarts.ch\/impressum\/"]}]},{"@type":"BreadcrumbList","@id":"https:\/\/digitalculturesandarts.ch\/impressum\/#breadcrumb","itemListElement":[{"@type":"ListItem","position":1,"name":"Home","item":"https:\/\/digitalculturesandarts.ch\/"},{"@type":"ListItem","position":2,"name":"impressum"}]},{"@type":"WebSite","@id":"https:\/\/digitalculturesandarts.ch\/#website","url":"https:\/\/digitalculturesandarts.ch\/","name":"digitale kulturen und k\u00fcnste","description":"Bridge Professorship between the University of Zurich and Zurich University of the Arts","publisher":{"@id":"https:\/\/digitalculturesandarts.ch\/#organization"},"alternateName":"digitale kulturen und k\u00fcnste","potentialAction":[{"@type":"SearchAction","target":{"@type":"EntryPoint","urlTemplate":"https:\/\/digitalculturesandarts.ch\/?s={search_term_string}"},"query-input":{"@type":"PropertyValueSpecification","valueRequired":true,"valueName":"search_term_string"}}],"inLanguage":"de-CH"},{"@type":"Organization","@id":"https:\/\/digitalculturesandarts.ch\/#organization","name":"digitale kulturen und k\u00fcnste","alternateName":"digitale kulturen und k\u00fcnste","url":"https:\/\/digitalculturesandarts.ch\/","logo":{"@type":"ImageObject","inLanguage":"de-CH","@id":"https:\/\/digitalculturesandarts.ch\/#\/schema\/logo\/image\/","url":"https:\/\/digitalculturesandarts.ch\/wp-content\/uploads\/2025\/04\/cropped-col.png","contentUrl":"https:\/\/digitalculturesandarts.ch\/wp-content\/uploads\/2025\/04\/cropped-col.png","width":512,"height":512,"caption":"digital cultures and arts"},"image":{"@id":"https:\/\/digitalculturesandarts.ch\/#\/schema\/logo\/image\/"},"sameAs":["https:\/\/www.instagram.com\/digitalculturesandarts\/"]}]}},"mfb_rest_fields":["title","yoast_head","yoast_head_json"],"_links":{"self":[{"href":"https:\/\/digitalculturesandarts.ch\/de\/wp-json\/wp\/v2\/pages\/2889","targetHints":{"allow":["GET"]}}],"collection":[{"href":"https:\/\/digitalculturesandarts.ch\/de\/wp-json\/wp\/v2\/pages"}],"about":[{"href":"https:\/\/digitalculturesandarts.ch\/de\/wp-json\/wp\/v2\/types\/page"}],"author":[{"embeddable":true,"href":"https:\/\/digitalculturesandarts.ch\/de\/wp-json\/wp\/v2\/users\/1"}],"replies":[{"embeddable":true,"href":"https:\/\/digitalculturesandarts.ch\/de\/wp-json\/wp\/v2\/comments?post=2889"}],"version-history":[{"count":13,"href":"https:\/\/digitalculturesandarts.ch\/de\/wp-json\/wp\/v2\/pages\/2889\/revisions"}],"predecessor-version":[{"id":6427,"href":"https:\/\/digitalculturesandarts.ch\/de\/wp-json\/wp\/v2\/pages\/2889\/revisions\/6427"}],"wp:attachment":[{"href":"https:\/\/digitalculturesandarts.ch\/de\/wp-json\/wp\/v2\/media?parent=2889"}],"curies":[{"name":"wp","href":"https:\/\/api.w.org\/{rel}","templated":true}]}}

<div class="is-style-default wp-block-group is-layout-flow wp-container-core-group-is-layout-5ae94fc6 wp-block-group-is-layout-flow" style="margin-top:0;margin-bottom:0;padding-top:0;padding-right:0;padding-bottom:var(--wp--preset--spacing--20);padding-left:0">
<div class="wp-block-columns is-layout-flex wp-container-core-columns-is-layout-dcf07d92 wp-block-columns-is-layout-flex" style="margin-bottom:var(--wp--preset--spacing--60);padding-bottom:var(--wp--preset--spacing--30)">
<div class="wp-block-column is-layout-flow wp-block-column-is-layout-flow">
<hr class="is-style-wide wp-block-separator has-text-color has-contrast-color has-alpha-channel-opacity has-contrast-background-color has-background"/>



<h3 class="is-style-default wp-block-heading has-contrast-color has-text-color has-link-color has-geist-mono-font-family has-medium-font-size has-custom-font wp-elements-69c1c6f034038980972d2fda6838c5e9" style="padding-top:0;padding-bottom:0;text-transform:uppercase;font-family:geist-mono">KONTAKT</h3>



<div class="wp-block-group is-layout-flow wp-container-core-group-is-layout-3cab8f7e wp-block-group-is-layout-flow">
<p class="">Prof. Dr. Roland Meyer</p>



<p class="">DIZH-Brückenprofessur Digitale Kulturen und Künste<br>ZKK – Zentrum Künste und Kulturtheorie<br>Universität Zürich und Zürcher Hochschule der Künste ZHdK<br>Affolternstr. 56 | 8050 Zürich | Switzerland<br></p>
</div>
</div>



<div class="wp-block-column is-layout-flow wp-block-column-is-layout-flow">
<hr class="is-style-wide wp-block-separator has-text-color has-contrast-color has-alpha-channel-opacity has-contrast-background-color has-background"/>



<h3 class="is-style-default wp-block-heading has-contrast-color has-text-color has-link-color has-geist-mono-font-family has-medium-font-size has-custom-font wp-elements-8605c6792ccbea57b4d8b46c3577bafa" style="padding-top:0;padding-bottom:0;text-transform:uppercase;font-family:geist-mono">Impressum</h3>



<div class="wp-block-coblocks-accordion">
<div class="wp-block-coblocks-accordion-item"><details><summary class="wp-block-coblocks-accordion-item__title"> Haftungsauschluss</summary><div class="wp-block-coblocks-accordion-item__content">
<p class="">Der Autor übernimmt keine Gewähr für die Richtigkeit, Genauigkeit, Aktualität, Zuverlässigkeit und Vollständigkeit der Informationen. Haftungsansprüche gegen den Autor wegen Schäden materieller oder immaterieller Art, die aus dem Zugriff oder der Nutzung bzw. Nichtnutzung der veröffentlichten Informationen, durch Missbrauch der Verbindung oder durch technische Störungen entstanden sind, werden ausgeschlossen. Alle Angebote sind freibleibend. Der Autor behält es sich ausdrücklich vor, Teile der Seiten oder das gesamte Angebot ohne gesonderte Ankündigung zu verändern, zu ergänzen, zu löschen oder die Veröffentlichung zeitweise oder endgültig einzustellen.</p>
</div></details></div>



<div class="wp-block-coblocks-accordion-item"><details><summary class="wp-block-coblocks-accordion-item__title">Haftungsausschluss für Inhalte und Links</summary><div class="wp-block-coblocks-accordion-item__content">
<p class="">Verweise und Links auf Webseiten Dritter liegen ausserhalb unseres Verantwortungsbereichs. Es wird jegliche Verantwortung für solche Webseiten abgelehnt. Der Zugriff und die Nutzung solcher Webseiten erfolgen auf eigene Gefahr des jeweiligen Nutzers.</p>
</div></details></div>



<div class="wp-block-coblocks-accordion-item"><details><summary class="wp-block-coblocks-accordion-item__title">Urheberrechtserklärung</summary><div class="wp-block-coblocks-accordion-item__content">
<p class="">Die Urheber- und alle anderen Rechte an Inhalten, Bildern, Fotos oder anderen Dateien auf dieser Website, gehören ausschliesslich Digitale Kulturen und Künste oder den speziell genannten Rechteinhabern. Für die Reproduktion jeglicher Elemente ist die schriftliche Zustimmung des Urheberrechtsträgers im Voraus einzuholen.</p>
</div></details></div>
</div>



<p class=""></p>
</div>



<div class="wp-block-column is-layout-flow wp-block-column-is-layout-flow"></div>
</div>
</div>

<p>CONTACT Prof. Dr. Roland Meyer DIZH-Brückenprofessur Digitale Kulturen und KünsteZKK – Zentrum Künste und KulturtheorieUniversität Zürich und Zürcher Hochschule der Künste ZHdKAffolternstr. 56 | 8050 Zürich | Switzerland Impressum</p>

<!-- This site is optimized with the Yoast SEO plugin v27.4 - https://yoast.com/product/yoast-seo-wordpress/ -->
<title>impressum - digital cultures and arts</title>
<meta name="robots" content="index, follow, max-snippet:-1, max-image-preview:large, max-video-preview:-1" />
<link rel="canonical" href="https://digitalculturesandarts.ch/de/impressum/" />
<meta property="og:locale" content="de_DE" />
<meta property="og:type" content="article" />
<meta property="og:title" content="Impressum" />
<meta property="og:description" content="DIZH Bridge Professorship between University of Zurich and Zurich University of the Arts" />
<meta property="og:url" content="https://digitalculturesandarts.ch/de/impressum/" />
<meta property="og:site_name" content="digital cultures and arts" />
<meta property="article:modified_time" content="2025-09-06T10:01:04+00:00" />
<meta property="og:image" content="https://digitalculturesandarts.ch/wp-content/uploads/2025/04/impressum-blob.png" />
	<meta property="og:image:width" content="1200" />
	<meta property="og:image:height" content="675" />
	<meta property="og:image:type" content="image/png" />
<meta name="twitter:card" content="summary_large_image" />
<script type="application/ld+json" class="yoast-schema-graph">{"@context":"https:\/\/schema.org","@graph":[{"@type":"WebPage","@id":"https:\/\/digitalculturesandarts.ch\/impressum\/","url":"https:\/\/digitalculturesandarts.ch\/impressum\/","name":"impressum - digital cultures and arts","isPartOf":{"@id":"https:\/\/digitalculturesandarts.ch\/#website"},"datePublished":"2025-03-24T11:24:51+00:00","dateModified":"2025-09-06T10:01:04+00:00","breadcrumb":{"@id":"https:\/\/digitalculturesandarts.ch\/impressum\/#breadcrumb"},"inLanguage":"de-CH","potentialAction":[{"@type":"ReadAction","target":["https:\/\/digitalculturesandarts.ch\/impressum\/"]}]},{"@type":"BreadcrumbList","@id":"https:\/\/digitalculturesandarts.ch\/impressum\/#breadcrumb","itemListElement":[{"@type":"ListItem","position":1,"name":"Home","item":"https:\/\/digitalculturesandarts.ch\/"},{"@type":"ListItem","position":2,"name":"impressum"}]},{"@type":"WebSite","@id":"https:\/\/digitalculturesandarts.ch\/#website","url":"https:\/\/digitalculturesandarts.ch\/","name":"digital cultures and arts","description":"Bridge Professorship between the University of Zurich and Zurich University of the Arts","publisher":{"@id":"https:\/\/digitalculturesandarts.ch\/#organization"},"alternateName":"digitale kulturen und künste","potentialAction":[{"@type":"SearchAction","target":{"@type":"EntryPoint","urlTemplate":"https:\/\/digitalculturesandarts.ch\/?s={search_term_string}"},"query-input":{"@type":"PropertyValueSpecification","valueRequired":true,"valueName":"search_term_string"}}],"inLanguage":"de-CH"},{"@type":"Organization","@id":"https:\/\/digitalculturesandarts.ch\/#organization","name":"digital cultures and arts","alternateName":"digitale kulturen und künste","url":"https:\/\/digitalculturesandarts.ch\/","logo":{"@type":"ImageObject","inLanguage":"de-CH","@id":"https:\/\/digitalculturesandarts.ch\/#\/schema\/logo\/image\/","url":"https:\/\/digitalculturesandarts.ch\/wp-content\/uploads\/2025\/04\/cropped-col.png","contentUrl":"https:\/\/digitalculturesandarts.ch\/wp-content\/uploads\/2025\/04\/cropped-col.png","width":512,"height":512,"caption":"digital cultures and arts"},"image":{"@id":"https:\/\/digitalculturesandarts.ch\/#\/schema\/logo\/image\/"},"sameAs":["https:\/\/www.instagram.com\/digitalculturesandarts\/"]}]}</script>
<!-- / Yoast SEO plugin. -->

digitale kulturen und künste
